{"id":24,"date":"2013-02-20T16:44:31","date_gmt":"2013-02-20T15:44:31","guid":{"rendered":"http:\/\/recrutement.nov05.net\/?page_id=24"},"modified":"2013-02-20T16:44:31","modified_gmt":"2013-02-20T15:44:31","slug":"recrutement-web-designer","status":"publish","type":"page","link":"https:\/\/recrutement.nov05.net\/?page_id=24","title":{"rendered":"Recrutement web designer"},"content":{"rendered":"\r\n                <div class='gf_browser_gecko gform_wrapper' id='gform_wrapper_4' ><a id='gf_4' name='gf_4' class='gform_anchor' ><\/a><form method='post' enctype='multipart\/form-data' target='gform_ajax_frame_4' id='gform_4'  action='\/index.php?rest_route=%2Fwp%2Fv2%2Fpages%2F24#gf_4'>\r\n                        <div class='gform_heading'>\r\n                            <h3 class='gform_title'>Recrutement web designer<\/h3>\r\n                            <span class='gform_description'>Nous vous prions de bien vouloir remplir le formulaire ci-dessous<\/span>\r\n                        <\/div>\r\n        <div id='gf_progressbar_wrapper_4' class='gf_progressbar_wrapper'>\r\n            <h3 class='gf_progressbar_title'>\u00c9tape 1 de 4\r\n        <\/h3>\r\n            <div class='gf_progressbar'>\r\n                <div class='gf_progressbar_percentage percentbar_blue percentbar_25' style='width:25%;'><span>25%<\/span><\/div>\r\n            <\/div><\/div>\r\n                        <div class='gform_body'><div id='gform_page_4_1' class='gform_page' >\r\n                                    <div class='gform_page_fields'>\r\n                            <ul id='gform_fields_4' class='gform_fields top_label description_below'><li id='field_4_1' class='gfield               gfield_contains_required' ><label class='gfield_label' for='input_4_1_3'>Nom<span class='gfield_required'>*<\/span><\/label><div class='ginput_complex ginput_container' id='input_4_1'><span id='input_4_1_3_container' class='ginput_left'><input type='text' name='input_1.3' id='input_4_1_3' value='' tabindex='1' \/><label for='input_4_1_3'>Pr\u00e9nom<\/label><\/span><span id='input_4_1_6_container' class='ginput_right'><input type='text' name='input_1.6' id='input_4_1_6' value='' tabindex='2' \/><label for='input_4_1_6'>Nom<\/label><\/span><div class='gf_clear gf_clear_complex'><\/div><\/div><\/li><li id='field_4_4' class='gfield' ><label class='gfield_label' for='input_4_4_1'>Adresse<\/label><div class='ginput_complex ginput_container' id='input_4_4'><span class='ginput_full' id='input_4_4_1_container'><input type='text' name='input_4.1' id='input_4_4_1' value='' tabindex='3' \/><label for='input_4_4_1' id='input_4_4_1_label'>No., rue, casier postal...<\/label><\/span><span class='ginput_full' id='input_4_4_2_container' ><input type='text' name='input_4.2' id='input_4_4_2' value='' tabindex='4' \/><label for='input_4_4_2' id='input_4_4_2_label'>Adresse ligne 1<\/label><\/span><span class='ginput_left' id='input_4_4_3_container'><input type='text' name='input_4.3' id='input_4_4_3' value='' tabindex='5' \/><label for='input_4_4_3' id='input_4_4.3_label'>Ville<\/label><\/span><span class='ginput_right' id='input_4_4_4_container' ><input type='text' name='input_4.4' id='input_4_4_4' value='' tabindex='7'   \/><label for='input_4_4_4' id='input_4_4_4_label'>\u00c9tat \/ Province \/ R\u00e9gion<\/label><\/span><span class='ginput_left' id='input_4_4_5_container'><input type='text' name='input_4.5' id='input_4_4_5' value='' tabindex='8' \/><label for='input_4_4_5' id='input_4_4_5_label'>ZIP \/ Postal Code<\/label><\/span><span class='ginput_right' id='input_4_4_6_container' ><select name='input_4.6' id='input_4_4_6' tabindex='9' ><option value='' selected='selected'><\/option><option value='Afghanistan' >Afghanistan<\/option><option value='Albanie' >Albanie<\/option><option value='Alg\u00e9rie' >Alg\u00e9rie<\/option><option value='Samoa am\u00e9ricaines' >Samoa am\u00e9ricaines<\/option><option value='Andorre' >Andorre<\/option><option value='Angola' >Angola<\/option><option value='Antigua-et-Barbuda' >Antigua-et-Barbuda<\/option><option value='Argentine' >Argentine<\/option><option value='Arm\u00e9nie' >Arm\u00e9nie<\/option><option value='Australie' >Australie<\/option><option value='Autriche' >Autriche<\/option><option value='Azerba\u00efdjan' >Azerba\u00efdjan<\/option><option value='Bahamas' >Bahamas<\/option><option value='Bahre\u00efn' >Bahre\u00efn<\/option><option value='Bangladesh' >Bangladesh<\/option><option value='La Barbade' >La Barbade<\/option><option value='Belarus' >Belarus<\/option><option value='Belgique' >Belgique<\/option><option value='Belize' >Belize<\/option><option value='B\u00e9nin' >B\u00e9nin<\/option><option value='Bermudes' >Bermudes<\/option><option value='Bhoutan' >Bhoutan<\/option><option value='Bolivie' >Bolivie<\/option><option value='Bosnie-Herz\u00e9govine' >Bosnie-Herz\u00e9govine<\/option><option value='Botswana' >Botswana<\/option><option value='Br\u00e9sil' >Br\u00e9sil<\/option><option value='Brunei' >Brunei<\/option><option value='Bulgarie' >Bulgarie<\/option><option value='Burkina Faso' >Burkina Faso<\/option><option value='Burundi' >Burundi<\/option><option value='Cambodge' >Cambodge<\/option><option value='Cameroun' >Cameroun<\/option><option value='Canada' >Canada<\/option><option value='Cap-Vert' >Cap-Vert<\/option><option value='R\u00e9publique centrafricaine' >R\u00e9publique centrafricaine<\/option><option value='Tchad' >Tchad<\/option><option value='Chili' >Chili<\/option><option value='Chine' >Chine<\/option><option value='Colombie' >Colombie<\/option><option value='Comores' >Comores<\/option><option value='R\u00e9publique d\u00e9mocratique du Congo' >R\u00e9publique d\u00e9mocratique du Congo<\/option><option value='R\u00e9publique du Congo' >R\u00e9publique du Congo<\/option><option value='Costa Rica' >Costa Rica<\/option><option value='C&ocirc;te d&#039;Ivoire' >C&ocirc;te d'Ivoire<\/option><option value='Croatie' >Croatie<\/option><option value='Cuba' >Cuba<\/option><option value='Chypre' >Chypre<\/option><option value='R\u00e9publique tch\u00e8que' >R\u00e9publique tch\u00e8que<\/option><option value='Danemark' >Danemark<\/option><option value='Djibouti' >Djibouti<\/option><option value='Dominique' >Dominique<\/option><option value='R\u00e9publique Dominicaine' >R\u00e9publique Dominicaine<\/option><option value='Timor oriental' >Timor oriental<\/option><option value='\u00c9quateur' >\u00c9quateur<\/option><option value='\u00c9gypte' >\u00c9gypte<\/option><option value='El Salvador' >El Salvador<\/option><option value='Guin\u00e9e \u00e9quatoriale' >Guin\u00e9e \u00e9quatoriale<\/option><option value='\u00c9rythr\u00e9e' >\u00c9rythr\u00e9e<\/option><option value='Estonie' >Estonie<\/option><option value='\u00c9thiopie' >\u00c9thiopie<\/option><option value='Fidji' >Fidji<\/option><option value='Finlande' >Finlande<\/option><option value='France' >France<\/option><option value='Gabon' >Gabon<\/option><option value='Gambie' >Gambie<\/option><option value='G\u00e9orgie' >G\u00e9orgie<\/option><option value='Allemagne' >Allemagne<\/option><option value='Ghana' >Ghana<\/option><option value='Gr\u00e8ce' >Gr\u00e8ce<\/option><option value='Groenland' >Groenland<\/option><option value='Grenade' >Grenade<\/option><option value='Guam' >Guam<\/option><option value='Guatemala' >Guatemala<\/option><option value='Guin\u00e9e' >Guin\u00e9e<\/option><option value='Guin\u00e9e-Bissau' >Guin\u00e9e-Bissau<\/option><option value='Guyane' >Guyane<\/option><option value='Ha\u00efti' >Ha\u00efti<\/option><option value='Honduras' >Honduras<\/option><option value='Hong Kong' >Hong Kong<\/option><option value='Hongrie' >Hongrie<\/option><option value='Islande' >Islande<\/option><option value='Inde' >Inde<\/option><option value='Indon\u00e9sie' >Indon\u00e9sie<\/option><option value='Iran' >Iran<\/option><option value='Irak' >Irak<\/option><option value='Irlande' >Irlande<\/option><option value='Isra\u00ebl' >Isra\u00ebl<\/option><option value='Italie' >Italie<\/option><option value='Jama\u00efque' >Jama\u00efque<\/option><option value='Japon' >Japon<\/option><option value='Jordanie' >Jordanie<\/option><option value='Kazakhstan' >Kazakhstan<\/option><option value='Kenya' >Kenya<\/option><option value='Kiribati' >Kiribati<\/option><option value='Cor\u00e9e du Nord' >Cor\u00e9e du Nord<\/option><option value='Cor\u00e9e du Sud' >Cor\u00e9e du Sud<\/option><option value='Kowe\u00eft' >Kowe\u00eft<\/option><option value='Kirghizistan' >Kirghizistan<\/option><option value='Laos' >Laos<\/option><option value='Lettonie' >Lettonie<\/option><option value='Liban' >Liban<\/option><option value='Lesotho' >Lesotho<\/option><option value='Liberia' >Liberia<\/option><option value='Libie' >Libie<\/option><option value='Liechtenstein' >Liechtenstein<\/option><option value='Lituanie' >Lituanie<\/option><option value='Luxembourg' >Luxembourg<\/option><option value='Mac\u00e9doine' >Mac\u00e9doine<\/option><option value='Madagascar' >Madagascar<\/option><option value='Malawi' >Malawi<\/option><option value='Malaisie' >Malaisie<\/option><option value='Maldives' >Maldives<\/option><option value='Mali' >Mali<\/option><option value='Malte' >Malte<\/option><option value='\u00celes Marshall' >\u00celes Marshall<\/option><option value='Mauritanie' >Mauritanie<\/option><option value='Ile Maurice' >Ile Maurice<\/option><option value='Mexique' >Mexique<\/option><option value='Micron\u00e9sie' >Micron\u00e9sie<\/option><option value='Moldavie' >Moldavie<\/option><option value='Monaco' >Monaco<\/option><option value='Mongolie' >Mongolie<\/option><option value='Mont\u00e9n\u00e9gro' >Mont\u00e9n\u00e9gro<\/option><option value='Maroc' >Maroc<\/option><option value='Mozambique' >Mozambique<\/option><option value='Myanmar' >Myanmar<\/option><option value='Namibie' >Namibie<\/option><option value='Nauru' >Nauru<\/option><option value='N\u00e9pal' >N\u00e9pal<\/option><option value='Pays-Bas' >Pays-Bas<\/option><option value='Nouvelle-Z\u00e9lande' >Nouvelle-Z\u00e9lande<\/option><option value='Nicaragua' >Nicaragua<\/option><option value='Niger' >Niger<\/option><option value='Nig\u00e9ria' >Nig\u00e9ria<\/option><option value='Norv\u00e8ge' >Norv\u00e8ge<\/option><option value='\u00celes Mariannes du Nord' >\u00celes Mariannes du Nord<\/option><option value='Oman' >Oman<\/option><option value='Pakistan' >Pakistan<\/option><option value='Palau' >Palau<\/option><option value='Palestine' >Palestine<\/option><option value='Panama' >Panama<\/option><option value='Papouasie-Nouvelle-Guin\u00e9e' >Papouasie-Nouvelle-Guin\u00e9e<\/option><option value='Paraguay' >Paraguay<\/option><option value='P\u00e9rou' >P\u00e9rou<\/option><option value='Philippines' >Philippines<\/option><option value='Pologne' >Pologne<\/option><option value='Portugal' >Portugal<\/option><option value='Puerto Rico' >Puerto Rico<\/option><option value='Qatar' >Qatar<\/option><option value='Roumanie' >Roumanie<\/option><option value='Russie' >Russie<\/option><option value='Rwanda' >Rwanda<\/option><option value='Saint-Kitts-et-Nevis' >Saint-Kitts-et-Nevis<\/option><option value='Sainte-Lucie' >Sainte-Lucie<\/option><option value='Saint-Vincent-et-les Grenadines' >Saint-Vincent-et-les Grenadines<\/option><option value='Samoa' >Samoa<\/option><option value='Saint-Marin' >Saint-Marin<\/option><option value='Sao Tom\u00e9 et Principe' >Sao Tom\u00e9 et Principe<\/option><option value='Arabie Saoudite' >Arabie Saoudite<\/option><option value='S\u00e9n\u00e9gal' >S\u00e9n\u00e9gal<\/option><option value='Serbie et Mont\u00e9n\u00e9gro' >Serbie et Mont\u00e9n\u00e9gro<\/option><option value='Seychelles' >Seychelles<\/option><option value='Sierra Leone' >Sierra Leone<\/option><option value='Singapour' >Singapour<\/option><option value='Slovaquie' >Slovaquie<\/option><option value='Slov\u00e9nie' >Slov\u00e9nie<\/option><option value='Iles Salomon' >Iles Salomon<\/option><option value='Somalie' >Somalie<\/option><option value='Afrique du Sud' >Afrique du Sud<\/option><option value='Espagne' >Espagne<\/option><option value='Sri Lanka' >Sri Lanka<\/option><option value='Soudan' >Soudan<\/option><option value='Soudan Sud' >Soudan Sud<\/option><option value='Suriname' >Suriname<\/option><option value='Swaziland' >Swaziland<\/option><option value='Su\u00e8de' >Su\u00e8de<\/option><option value='Suisse' >Suisse<\/option><option value='Syrie' >Syrie<\/option><option value='Taiwan' >Taiwan<\/option><option value='Tadjikistan' >Tadjikistan<\/option><option value='Tanzanie' >Tanzanie<\/option><option value='Tha\u00eflande' >Tha\u00eflande<\/option><option value='Togo' >Togo<\/option><option value='Tonga' >Tonga<\/option><option value='Trinidad et Tobago' >Trinidad et Tobago<\/option><option value='Tunisie' >Tunisie<\/option><option value='Turquie' >Turquie<\/option><option value='Turkm\u00e9nistan' >Turkm\u00e9nistan<\/option><option value='Tuvalu' >Tuvalu<\/option><option value='Ouganda' >Ouganda<\/option><option value='Ukraine' >Ukraine<\/option><option value='\u00c9mirats arabes unis' >\u00c9mirats arabes unis<\/option><option value='Royaume-Uni' >Royaume-Uni<\/option><option value='\u00c9tats-Unis' >\u00c9tats-Unis<\/option><option value='Uruguay' >Uruguay<\/option><option value='Ouzb\u00e9kistan' >Ouzb\u00e9kistan<\/option><option value='Vanuatu' >Vanuatu<\/option><option value='Cit\u00e9 du Vatican' >Cit\u00e9 du Vatican<\/option><option value='Venezuela' >Venezuela<\/option><option value='Vietnam' >Vietnam<\/option><option value='\u00celes Vierges britanniques' >\u00celes Vierges britanniques<\/option><option value='Iles Vierges am\u00e9ricaines' >Iles Vierges am\u00e9ricaines<\/option><option value='Y\u00e9men' >Y\u00e9men<\/option><option value='Zambie' >Zambie<\/option><option value='Zimbabwe' >Zimbabwe<\/option><\/select><label for='input_4_4_6' id='input_4_4_6_label'>Pays<\/label><\/span><div class='gf_clear gf_clear_complex'><\/div><\/div><\/li><li id='field_4_51' class='gfield' ><label class='gfield_label' for='input_4_51'>Votre email<\/label><div class='ginput_container'><input name='input_51' id='input_4_51' type='text' value='' class='medium'  tabindex='10'   \/><\/div><\/li><li id='field_4_3' class='gfield               gfield_contains_required' ><label class='gfield_label' for='input_4_3'>T\u00e9l\u00e9phone<span class='gfield_required'>*<\/span><\/label><div class='ginput_container'><input name='input_3' id='input_4_3' type='text' value='' class='medium' tabindex='11'  \/><\/div><\/li><li id='field_4_2' class='gfield               gfield_contains_required' ><label class='gfield_label' for='input_4_2'>Date de naissance<span class='gfield_required'>*<\/span><\/label><div class='ginput_container'><input name='input_2' id='input_4_2' type='text' value='' class='datepicker medium dmy datepicker_no_icon' tabindex='12' \/> <\/div><input type='hidden' id='gforms_calendar_icon_input_4_2' class='gform_hidden' value='https:\/\/recrutement.nov05.net\/wp-content\/plugins\/gravityforms\/images\/calendar.png'\/><\/li><\/ul>\r\n                    <\/div>\r\n                    <div class='gform_page_footer'>\r\n                         <input type='button' id='gform_next_button_4_5' class='button gform_next_button' value='Suivant' tabindex='13' onclick='jQuery(\"#gform_target_page_number_4\").val(\"2\"); jQuery(\"#gform_4\").trigger(\"submit\",[true]); '\/>\r\n                    <\/div>\r\n                <\/div>\r\n                <div id='gform_page_4_2' class='gform_page' style='display:none;'>\r\n                    <div class='gform_page_fields'>\r\n                        <ul class='gform_fields top_label'><li id='field_4_6' class='gfield' ><label class='gfield_label' for='input_4_6'>Parlez-moi de vous ! <\/label><div class='ginput_container'><textarea name='input_6' id='input_4_6' class='textarea small' tabindex='14'   rows='10' cols='50'><\/textarea><\/div><\/li><li id='field_4_8' class='gfield' ><label class='gfield_label' for='input_4_8'>Quels sont vos points forts et points faibles ? <\/label><div class='ginput_container'><textarea name='input_8' id='input_4_8' class='textarea small' tabindex='15'   rows='10' cols='50'><\/textarea><\/div><\/li><li id='field_4_11' class='gfield' ><label class='gfield_label' for='input_4_11'>Quels sont vos objectifs personnels, professionnels ? <\/label><div class='ginput_container'><textarea name='input_11' id='input_4_11' class='textarea small' tabindex='16'   rows='10' cols='50'><\/textarea><\/div><\/li><li id='field_4_15' class='gfield' ><label class='gfield_label' for='input_4_15'>O\u00f9 vous voyez-vous dans cinq ans ? <\/label><div class='ginput_container'><textarea name='input_15' id='input_4_15' class='textarea small' tabindex='17'   rows='10' cols='50'><\/textarea><\/div><\/li><li id='field_4_14' class='gfield' ><label class='gfield_label' for='input_4_14'>Que connaissez-vous de notre entreprise ? <\/label><div class='ginput_container'><textarea name='input_14' id='input_4_14' class='textarea small' tabindex='18'   rows='10' cols='50'><\/textarea><\/div><\/li><li id='field_4_18' class='gfield' ><label class='gfield_label' for='input_4_18'>Pourquoi devrions-nous vous embaucher vous plut\u00f4t qu&#039;un autre ? <\/label><div class='ginput_container'><textarea name='input_18' id='input_4_18' class='textarea small' tabindex='19'   rows='10' cols='50'><\/textarea><\/div><\/li><li id='field_4_16' class='gfield' ><label class='gfield_label' for='input_4_16'>Quel salaire demandez-vous ? <\/label><div class='ginput_container'><textarea name='input_16' id='input_4_16' class='textarea small' tabindex='20'   rows='10' cols='50'><\/textarea><\/div><\/li><\/ul>\r\n                    <\/div>\r\n                    <div class='gform_page_footer'>\r\n                        <input type='button' id='gform_previous_button_4_10' class='button gform_previous_button' value='Pr\u00e9c\u00e9dent' tabindex='22' onclick='jQuery(\"#gform_target_page_number_4\").val(\"1\"); jQuery(\"#gform_4\").trigger(\"submit\",[true]); '\/> <input type='button' id='gform_next_button_4_10' class='button gform_next_button' value='Suivant' tabindex='21' onclick='jQuery(\"#gform_target_page_number_4\").val(\"3\"); jQuery(\"#gform_4\").trigger(\"submit\",[true]); '\/>\r\n                    <\/div>\r\n                <\/div>\r\n                <div id='gform_page_4_3' class='gform_page' style='display:none;'>\r\n                    <div class='gform_page_fields'>\r\n                        <ul class='gform_fields top_label'><li id='field_4_50' class='gfield               gfield_contains_required' ><label class='gfield_label'>La taille standard d\u2019une carte de visite est de<span class='gfield_required'>*<\/span><\/label><div class='ginput_container'><ul class='gfield_checkbox' id='input_4_50'><li class='gchoice_50_1'><input name='input_50.1' type='checkbox'  value='8,5 cm X 5,4 cm'  id='choice_50_1' tabindex='23'  \/><label for='choice_50_1'>8,5 cm X 5,4 cm<\/label><\/li><li class='gchoice_50_2'><input name='input_50.2' type='checkbox'  value='9 cm X 5,4 cm.'  id='choice_50_2' tabindex='24'  \/><label for='choice_50_2'>9 cm X 5,4 cm.<\/label><\/li><li class='gchoice_50_3'><input name='input_50.3' type='checkbox'  value=' 8 cm X 4,5 cm.'  id='choice_50_3' tabindex='25'  \/><label for='choice_50_3'> 8 cm X 4,5 cm.<\/label><\/li><\/ul><\/div><\/li><li id='field_4_35' class='gfield' ><label class='gfield_label' for='input_4_35'>Quelle est la diff\u00e9rence entre illustrator et indesign ?<\/label><div class='ginput_container'><textarea name='input_35' id='input_4_35' class='textarea small' tabindex='26'   rows='10' cols='50'><\/textarea><\/div><\/li><li id='field_4_40' class='gfield' ><label class='gfield_label' for='input_4_40'>Diff\u00e9rence entre photoshop et illustrator ?<\/label><div class='ginput_container'><textarea name='input_40' id='input_4_40' class='textarea small' tabindex='27'   rows='10' cols='50'><\/textarea><\/div><\/li><li id='field_4_44' class='gfield' ><label class='gfield_label' for='input_4_44'>C&#039;est quoi un theme responsive ?<\/label><div class='ginput_container'><textarea name='input_44' id='input_4_44' class='textarea small' tabindex='28'   rows='10' cols='50'><\/textarea><\/div><\/li><li id='field_4_43' class='gfield' ><label class='gfield_label' for='input_4_43'>Un mock-up photoshop c&#039;est quoi ?<\/label><div class='ginput_container'><textarea name='input_43' id='input_4_43' class='textarea small' tabindex='29'   rows='10' cols='50'><\/textarea><\/div><\/li><\/ul>\r\n                    <\/div>\r\n                    <div class='gform_page_footer'>\r\n                        <input type='button' id='gform_previous_button_4_28' class='button gform_previous_button' value='Pr\u00e9c\u00e9dent' tabindex='31' onclick='jQuery(\"#gform_target_page_number_4\").val(\"2\"); jQuery(\"#gform_4\").trigger(\"submit\",[true]); '\/> <input type='button' id='gform_next_button_4_28' class='button gform_next_button' value='Suivant' tabindex='30' onclick='jQuery(\"#gform_target_page_number_4\").val(\"4\"); jQuery(\"#gform_4\").trigger(\"submit\",[true]); '\/>\r\n                    <\/div>\r\n                <\/div>\r\n                <div id='gform_page_4_4' class='gform_page' style='display:none;'>\r\n                    <div class='gform_page_fields'>\r\n                        <ul class='gform_fields top_label'><li id='field_4_39' class='gfield' ><label class='gfield_label' for='input_4_39'>Quels sont vos hobbies ? <\/label><div class='ginput_container'><textarea name='input_39' id='input_4_39' class='textarea small' tabindex='32'   rows='10' cols='50'><\/textarea><\/div><\/li><li id='field_4_47' class='gfield' ><label class='gfield_label' for='input_4_47'>Comment avez-vous trouv\u00e9 notre entretien ? <\/label><div class='ginput_container'><textarea name='input_47' id='input_4_47' class='textarea small' tabindex='33'   rows='10' cols='50'><\/textarea><\/div><\/li><li id='field_4_49' class='gfield' ><label class='gfield_label' for='input_4_49'>Quel est votre vision de notre entreprise apr\u00e8s cet entretien ? <\/label><div class='ginput_container'><textarea name='input_49' id='input_4_49' class='textarea small' tabindex='34'   rows='10' cols='50'><\/textarea><\/div><\/li>\r\n                            <\/ul><\/div>\r\n        <div class='gform_page_footer top_label'><input type='submit' id='gform_previous_button_4' class='button gform_previous_button' value='Pr\u00e9c\u00e9dent' tabindex='35' onclick='if(window[\"gf_submitting_4\"]){return false;}  window[\"gf_submitting_4\"]=true; '\/> <input type='submit' id='gform_submit_button_4' class='button gform_button' value='Envoyer' tabindex='36' onclick='if(window[\"gf_submitting_4\"]){return false;}  window[\"gf_submitting_4\"]=true; '\/><input type='hidden' name='gform_ajax' value='form_id=4&amp;title=1&amp;description=1' \/>\r\n            <input type='hidden' class='gform_hidden' name='is_submit_4' value='1' \/>\r\n            <input type='hidden' class='gform_hidden' name='gform_submit' value='4' \/>\r\n            <input type='hidden' class='gform_hidden' name='gform_unique_id' value='' \/>\r\n            <input type='hidden' class='gform_hidden' name='state_4' value='WyJhOjA6e30iLCIxOWU3MWY1ZDlmOGZmMDRhODI0M2ZhZDQzMGI4ZWQxYSJd' \/>\r\n            <input type='hidden' class='gform_hidden' name='gform_target_page_number_4' id='gform_target_page_number_4' value='2' \/>\r\n            <input type='hidden' class='gform_hidden' name='gform_source_page_number_4' id='gform_source_page_number_4' value='1' \/>\r\n            <input type='hidden' name='gform_field_values' value='' \/>\r\n            \r\n        <\/div>\r\n                            <\/div><\/div>\r\n                <\/form>\r\n                <\/div>\r\n                <iframe style='display:none;width:0px; height:0px;' src='about:blank' name='gform_ajax_frame_4' id='gform_ajax_frame_4'><\/iframe>\r\n                <script type='text\/javascript'>function gformInitSpinner_4(){jQuery('#gform_4').submit(function(){if(jQuery('#gform_ajax_spinner_4').length == 0){jQuery('#gform_submit_button_4, #gform_wrapper_4 .gform_next_button, #gform_wrapper_4 .gform_image_button').after('<' + 'img id=\"gform_ajax_spinner_4\"  class=\"gform_ajax_spinner\" src=\"https:\/\/recrutement.nov05.net\/wp-content\/plugins\/gravityforms\/images\/spinner.gif\" alt=\"\" \/>'); }} );}jQuery(document).ready(function($){gformInitSpinner_4();jQuery('#gform_ajax_frame_4').load( function(){var contents = jQuery(this).contents().find('*').html();var is_postback = contents.indexOf('GF_AJAX_POSTBACK') >= 0;if(!is_postback){return;}var form_content = jQuery(this).contents().find('#gform_wrapper_4');var is_redirect = contents.indexOf('gformRedirect(){') >= 0;var is_form = !(form_content.length <= 0 || is_redirect);if(is_form){jQuery('#gform_wrapper_4').html(form_content.html());jQuery(document).scrollTop(jQuery('#gform_wrapper_4').offset().top);if(window['gformInitDatepicker']) {gformInitDatepicker();}if(window['gformInitPriceFields']) {gformInitPriceFields();}var current_page = jQuery('#gform_source_page_number_4').val();gformInitSpinner_4();jQuery(document).trigger('gform_page_loaded', [4, current_page]);window['gf_submitting'] = false;}else if(!is_redirect){var confirmation_content = jQuery(this).contents().find('#gforms_confirmation_message').html();if(!confirmation_content){confirmation_content = contents;}setTimeout(function(){jQuery('#gform_wrapper_4').replaceWith('<' + 'div id=\\'gforms_confirmation_message\\' class=\\'gform_confirmation_message_4\\'' + '>' + confirmation_content + '<' + '\/div' + '>');jQuery(document).scrollTop(jQuery('#gforms_confirmation_message').offset().top);jQuery(document).trigger('gform_confirmation_loaded', [4]);window['gf_submitting'] = false;}, 50);}else{jQuery('#gform_4').append(contents);if(window['gformRedirect']) {gformRedirect();}}jQuery(document).trigger('gform_post_render', [4, current_page]);} );} );<\/script><script type='text\/javascript'> jQuery(document).ready(function(){jQuery(document).trigger('gform_post_render', [4, 1]) } ); <\/script>\n","protected":false},"excerpt":{"rendered":"","protected":false},"author":1,"featured_media":0,"parent":0,"menu_order":0,"comment_status":"closed","ping_status":"closed","template":"","meta":[],"_links":{"self":[{"href":"https:\/\/recrutement.nov05.net\/index.php?rest_route=\/wp\/v2\/pages\/24"}],"collection":[{"href":"https:\/\/recrutement.nov05.net\/index.php?rest_route=\/wp\/v2\/pages"}],"about":[{"href":"https:\/\/recrutement.nov05.net\/index.php?rest_route=\/wp\/v2\/types\/page"}],"author":[{"embeddable":true,"href":"https:\/\/recrutement.nov05.net\/index.php?rest_route=\/wp\/v2\/users\/1"}],"replies":[{"embeddable":true,"href":"https:\/\/recrutement.nov05.net\/index.php?rest_route=%2Fwp%2Fv2%2Fcomments&post=24"}],"version-history":[{"count":1,"href":"https:\/\/recrutement.nov05.net\/index.php?rest_route=\/wp\/v2\/pages\/24\/revisions"}],"predecessor-version":[{"id":25,"href":"https:\/\/recrutement.nov05.net\/index.php?rest_route=\/wp\/v2\/pages\/24\/revisions\/25"}],"wp:attachment":[{"href":"https:\/\/recrutement.nov05.net\/index.php?rest_route=%2Fwp%2Fv2%2Fmedia&parent=24"}],"curies":[{"name":"wp","href":"https:\/\/api.w.org\/{rel}","templated":true}]}}