{"id":32,"date":"2014-07-23T14:48:00","date_gmt":"2014-07-23T13:48:00","guid":{"rendered":"http:\/\/recrutement.nov05.net\/?page_id=32"},"modified":"2014-07-23T14:48:00","modified_gmt":"2014-07-23T13:48:00","slug":"recrutement-seo","status":"publish","type":"page","link":"https:\/\/recrutement.nov05.net\/?page_id=32","title":{"rendered":"Recrutement SEO"},"content":{"rendered":"\r\n                <div class='gf_browser_gecko gform_wrapper' id='gform_wrapper_6' ><a id='gf_6' name='gf_6' class='gform_anchor' ><\/a><form method='post' enctype='multipart\/form-data' target='gform_ajax_frame_6' id='gform_6'  action='\/index.php?rest_route=%2Fwp%2Fv2%2Fpages%2F32#gf_6'>\r\n                        <div class='gform_heading'>\r\n                            <h3 class='gform_title'>Recrutement SEO<\/h3>\r\n                            <span class='gform_description'>Nous vous prions de bien vouloir remplir le formulaire ci-dessous<\/span>\r\n                        <\/div>\r\n        <div id='gf_progressbar_wrapper_6' class='gf_progressbar_wrapper'>\r\n            <h3 class='gf_progressbar_title'>\u00c9tape 1 de 4\r\n        <\/h3>\r\n            <div class='gf_progressbar'>\r\n                <div class='gf_progressbar_percentage percentbar_blue percentbar_25' style='width:25%;'><span>25%<\/span><\/div>\r\n            <\/div><\/div>\r\n                        <div class='gform_body'><div id='gform_page_6_1' class='gform_page' >\r\n                                    <div class='gform_page_fields'>\r\n                            <ul id='gform_fields_6' class='gform_fields top_label description_below'><li id='field_6_1' class='gfield               gfield_contains_required' ><label class='gfield_label' for='input_6_1_3'>Nom<span class='gfield_required'>*<\/span><\/label><div class='ginput_complex ginput_container' id='input_6_1'><span id='input_6_1_3_container' class='ginput_left'><input type='text' name='input_1.3' id='input_6_1_3' value='' tabindex='1' \/><label for='input_6_1_3'>Pr\u00e9nom<\/label><\/span><span id='input_6_1_6_container' class='ginput_right'><input type='text' name='input_1.6' id='input_6_1_6' value='' tabindex='2' \/><label for='input_6_1_6'>Nom<\/label><\/span><div class='gf_clear gf_clear_complex'><\/div><\/div><\/li><li id='field_6_4' class='gfield' ><label class='gfield_label' for='input_6_4_1'>Adresse<\/label><div class='ginput_complex ginput_container' id='input_6_4'><span class='ginput_full' id='input_6_4_1_container'><input type='text' name='input_4.1' id='input_6_4_1' value='' tabindex='3' \/><label for='input_6_4_1' id='input_6_4_1_label'>No., rue, casier postal...<\/label><\/span><span class='ginput_left' id='input_6_4_3_container'><input type='text' name='input_4.3' id='input_6_4_3' value='' tabindex='4' \/><label for='input_6_4_3' id='input_6_4.3_label'>Ville<\/label><\/span><input type='hidden' class='gform_hidden' name='input_4.4' id='input_6_4_4' value=''\/><span class='ginput_right' id='input_6_4_5_container'><input type='text' name='input_4.5' id='input_6_4_5' value='' tabindex='5' \/><label for='input_6_4_5' id='input_6_4_5_label'>ZIP \/ Postal Code<\/label><\/span><input type='hidden' class='gform_hidden' name='input_4.6' id='input_6_4_6' value=''\/><div class='gf_clear gf_clear_complex'><\/div><\/div><\/li><li id='field_6_51' class='gfield' ><label class='gfield_label' for='input_6_51'>Votre email<\/label><div class='ginput_container'><input name='input_51' id='input_6_51' type='text' value='' class='medium'  tabindex='6'   \/><\/div><\/li><li id='field_6_3' class='gfield               gfield_contains_required' ><label class='gfield_label' for='input_6_3'>T\u00e9l\u00e9phone<span class='gfield_required'>*<\/span><\/label><div class='ginput_container'><input name='input_3' id='input_6_3' type='text' value='' class='medium' tabindex='7'  \/><\/div><\/li><li id='field_6_2' class='gfield               gfield_contains_required' ><label class='gfield_label' for='input_6_2'>Date de naissance<span class='gfield_required'>*<\/span><\/label><div class='ginput_container'><input name='input_2' id='input_6_2' type='text' value='' class='datepicker medium dmy datepicker_no_icon' tabindex='8' \/> <\/div><input type='hidden' id='gforms_calendar_icon_input_6_2' class='gform_hidden' value='https:\/\/recrutement.nov05.net\/wp-content\/plugins\/gravityforms\/images\/calendar.png'\/><\/li><li id='field_6_55' class='gfield               gfield_contains_required' ><label class='gfield_label' for='input_6_55'>Exp\u00e9rience<span class='gfield_required'>*<\/span><\/label><div class='ginput_container'><select name='input_55' id='input_6_55'  class='medium gfield_select' tabindex='9' ><option value='&gt; 2 ans' >&gt; 2 ans<\/option><option value='&lt; 2 ans' >&lt; 2 ans<\/option><\/select><\/div><\/li><\/ul>\r\n                    <\/div>\r\n                    <div class='gform_page_footer'>\r\n                         <input type='button' id='gform_next_button_6_5' class='button gform_next_button' value='Suivant' tabindex='10' onclick='jQuery(\"#gform_target_page_number_6\").val(\"2\"); jQuery(\"#gform_6\").trigger(\"submit\",[true]); '\/>\r\n                    <\/div>\r\n                <\/div>\r\n                <div id='gform_page_6_2' class='gform_page' style='display:none;'>\r\n                    <div class='gform_page_fields'>\r\n                        <ul class='gform_fields top_label'><li id='field_6_6' class='gfield' ><label class='gfield_label' for='input_6_6'>Parlez-moi de vous ! <\/label><div class='ginput_container'><textarea name='input_6' id='input_6_6' class='textarea small' tabindex='11'   rows='10' cols='50'><\/textarea><\/div><\/li><li id='field_6_11' class='gfield' ><label class='gfield_label' for='input_6_11'>Quels sont vos objectifs personnels, professionnels ?  O\u00f9 vous voyez-vous dans cinq ans ? <\/label><div class='ginput_container'><textarea name='input_11' id='input_6_11' class='textarea small' tabindex='12'   rows='10' cols='50'><\/textarea><\/div><\/li><\/ul>\r\n                    <\/div>\r\n                    <div class='gform_page_footer'>\r\n                        <input type='button' id='gform_previous_button_6_10' class='button gform_previous_button' value='Pr\u00e9c\u00e9dent' tabindex='14' onclick='jQuery(\"#gform_target_page_number_6\").val(\"1\"); jQuery(\"#gform_6\").trigger(\"submit\",[true]); '\/> <input type='button' id='gform_next_button_6_10' class='button gform_next_button' value='Suivant' tabindex='13' onclick='jQuery(\"#gform_target_page_number_6\").val(\"3\"); jQuery(\"#gform_6\").trigger(\"submit\",[true]); '\/>\r\n                    <\/div>\r\n                <\/div>\r\n                <div id='gform_page_6_3' class='gform_page' style='display:none;'>\r\n                    <div class='gform_page_fields'>\r\n                        <ul class='gform_fields top_label'><li id='field_6_40' class='gfield' ><label class='gfield_label' for='input_6_40'>Quelle est le meilleur moyen d&#039;augmenter la fr\u00e9quence des visites du robot d&#039;indexation Google sur son site ?<\/label><div class='ginput_container'><textarea name='input_40' id='input_6_40' class='textarea small' tabindex='15'   rows='10' cols='50'><\/textarea><\/div><\/li><li id='field_6_44' class='gfield' ><label class='gfield_label' for='input_6_44'>Comment conna\u00eetre le nombre de pages de son site index\u00e9es par Google ?<\/label><div class='ginput_container'><textarea name='input_44' id='input_6_44' class='textarea small' tabindex='16'   rows='10' cols='50'><\/textarea><\/div><\/li><li id='field_6_43' class='gfield' ><label class='gfield_label' for='input_6_43'>En quoi la cr\u00e9ation de liens permet d\u2019am\u00e9liorer ma position sur Google ?<\/label><div class='ginput_container'><textarea name='input_43' id='input_6_43' class='textarea small' tabindex='17'   rows='10' cols='50'><\/textarea><\/div><\/li><li id='field_6_52' class='gfield' ><label class='gfield_label' for='input_6_52'>Quel est l\u2019avantage d\u2019une pr\u00e9sence sur les r\u00e9seaux sociaux pour mon r\u00e9f\u00e9rencement ?<\/label><div class='ginput_container'><textarea name='input_52' id='input_6_52' class='textarea small' tabindex='18'   rows='10' cols='50'><\/textarea><\/div><\/li><li id='field_6_53' class='gfield' ><label class='gfield_label' for='input_6_53'>Qu\u2019est ce exactement que le contenu dupliqu\u00e9 ? Quel impact a t-il sur mon site ?<\/label><div class='ginput_container'><textarea name='input_53' id='input_6_53' class='textarea small' tabindex='19'   rows='10' cols='50'><\/textarea><\/div><\/li><li id='field_6_54' class='gfield' ><label class='gfield_label' for='input_6_54'>Comment les moteurs assignent-ils la provenance du contenu figurant \u00e0 l&#039;int\u00e9rieur d&#039;une iFrame ?<\/label><div class='ginput_container'><textarea name='input_54' id='input_6_54' class='textarea small' tabindex='20'   rows='10' cols='50'><\/textarea><\/div><\/li><li id='field_6_47' class='gfield' ><label class='gfield_label' for='input_6_47'>Un site boutique de commerce est modifi\u00e9 car de nombreux produits de plusieurs cat\u00e9gories ne sont plus commercialis\u00e9s. Les pages ou fiches de ces anciens produits \u00e9tant index\u00e9es, quel est le meilleur moyen d&#039;effectuer cette mise \u00e0 jour en r\u00e9duisant le trafic organique le moins possible ?<\/label><div class='ginput_container'><textarea name='input_47' id='input_6_47' class='textarea small' tabindex='21'   rows='10' cols='50'><\/textarea><\/div><\/li><\/ul>\r\n                    <\/div>\r\n                    <div class='gform_page_footer'>\r\n                        <input type='button' id='gform_previous_button_6_28' class='button gform_previous_button' value='Pr\u00e9c\u00e9dent' tabindex='23' onclick='jQuery(\"#gform_target_page_number_6\").val(\"2\"); jQuery(\"#gform_6\").trigger(\"submit\",[true]); '\/> <input type='button' id='gform_next_button_6_28' class='button gform_next_button' value='Suivant' tabindex='22' onclick='jQuery(\"#gform_target_page_number_6\").val(\"4\"); jQuery(\"#gform_6\").trigger(\"submit\",[true]); '\/>\r\n                    <\/div>\r\n                <\/div>\r\n                <div id='gform_page_6_4' class='gform_page' style='display:none;'>\r\n                    <div class='gform_page_fields'>\r\n                        <ul class='gform_fields top_label'><li id='field_6_16' class='gfield               gfield_contains_required' ><label class='gfield_label' for='input_6_16'>Quel salaire demandez-vous ? <span class='gfield_required'>*<\/span><\/label><div class='ginput_container'><textarea name='input_16' id='input_6_16' class='textarea small' tabindex='24'   rows='10' cols='50'><\/textarea><\/div><\/li><li id='field_6_39' class='gfield' ><label class='gfield_label' for='input_6_39'>Quels sont vos hobbies ? <\/label><div class='ginput_container'><textarea name='input_39' id='input_6_39' class='textarea small' tabindex='25'   rows='10' cols='50'><\/textarea><\/div><\/li><li id='field_6_49' class='gfield' ><label class='gfield_label' for='input_6_49'>Quel est votre vision de notre entreprise apr\u00e8s cet entretien ? <\/label><div class='ginput_container'><textarea name='input_49' id='input_6_49' class='textarea small' tabindex='26'   rows='10' cols='50'><\/textarea><\/div><\/li>\r\n                            <\/ul><\/div>\r\n        <div class='gform_page_footer top_label'><input type='submit' id='gform_previous_button_6' class='button gform_previous_button' value='Pr\u00e9c\u00e9dent' tabindex='27' onclick='if(window[\"gf_submitting_6\"]){return false;}  window[\"gf_submitting_6\"]=true; '\/> <input type='submit' id='gform_submit_button_6' class='button gform_button' value='Envoyer' tabindex='28' onclick='if(window[\"gf_submitting_6\"]){return false;}  window[\"gf_submitting_6\"]=true; '\/><input type='hidden' name='gform_ajax' value='form_id=6&amp;title=1&amp;description=1' \/>\r\n            <input type='hidden' class='gform_hidden' name='is_submit_6' value='1' \/>\r\n            <input type='hidden' class='gform_hidden' name='gform_submit' value='6' \/>\r\n            <input type='hidden' class='gform_hidden' name='gform_unique_id' value='' \/>\r\n            <input type='hidden' class='gform_hidden' name='state_6' value='WyJhOjA6e30iLCIxOWU3MWY1ZDlmOGZmMDRhODI0M2ZhZDQzMGI4ZWQxYSJd' \/>\r\n            <input type='hidden' class='gform_hidden' name='gform_target_page_number_6' id='gform_target_page_number_6' value='2' \/>\r\n            <input type='hidden' class='gform_hidden' name='gform_source_page_number_6' id='gform_source_page_number_6' value='1' \/>\r\n            <input type='hidden' name='gform_field_values' value='' \/>\r\n            \r\n        <\/div>\r\n                            <\/div><\/div>\r\n                <\/form>\r\n                <\/div>\r\n                <iframe style='display:none;width:0px; height:0px;' src='about:blank' name='gform_ajax_frame_6' id='gform_ajax_frame_6'><\/iframe>\r\n                <script type='text\/javascript'>function gformInitSpinner_6(){jQuery('#gform_6').submit(function(){if(jQuery('#gform_ajax_spinner_6').length == 0){jQuery('#gform_submit_button_6, #gform_wrapper_6 .gform_next_button, #gform_wrapper_6 .gform_image_button').after('<' + 'img id=\"gform_ajax_spinner_6\"  class=\"gform_ajax_spinner\" src=\"https:\/\/recrutement.nov05.net\/wp-content\/plugins\/gravityforms\/images\/spinner.gif\" alt=\"\" \/>'); }} );}jQuery(document).ready(function($){gformInitSpinner_6();jQuery('#gform_ajax_frame_6').load( function(){var contents = jQuery(this).contents().find('*').html();var is_postback = contents.indexOf('GF_AJAX_POSTBACK') >= 0;if(!is_postback){return;}var form_content = jQuery(this).contents().find('#gform_wrapper_6');var is_redirect = contents.indexOf('gformRedirect(){') >= 0;var is_form = !(form_content.length <= 0 || is_redirect);if(is_form){jQuery('#gform_wrapper_6').html(form_content.html());jQuery(document).scrollTop(jQuery('#gform_wrapper_6').offset().top);if(window['gformInitDatepicker']) {gformInitDatepicker();}if(window['gformInitPriceFields']) {gformInitPriceFields();}var current_page = jQuery('#gform_source_page_number_6').val();gformInitSpinner_6();jQuery(document).trigger('gform_page_loaded', [6, current_page]);window['gf_submitting'] = false;}else if(!is_redirect){var confirmation_content = jQuery(this).contents().find('#gforms_confirmation_message').html();if(!confirmation_content){confirmation_content = contents;}setTimeout(function(){jQuery('#gform_wrapper_6').replaceWith('<' + 'div id=\\'gforms_confirmation_message\\' class=\\'gform_confirmation_message_6\\'' + '>' + confirmation_content + '<' + '\/div' + '>');jQuery(document).scrollTop(jQuery('#gforms_confirmation_message').offset().top);jQuery(document).trigger('gform_confirmation_loaded', [6]);window['gf_submitting'] = false;}, 50);}else{jQuery('#gform_6').append(contents);if(window['gformRedirect']) {gformRedirect();}}jQuery(document).trigger('gform_post_render', [6, current_page]);} );} );<\/script><script type='text\/javascript'> jQuery(document).ready(function(){jQuery(document).trigger('gform_post_render', [6, 1]) } ); <\/script>\n","protected":false},"excerpt":{"rendered":"","protected":false},"author":1,"featured_media":0,"parent":0,"menu_order":0,"comment_status":"closed","ping_status":"closed","template":"","meta":[],"_links":{"self":[{"href":"https:\/\/recrutement.nov05.net\/index.php?rest_route=\/wp\/v2\/pages\/32"}],"collection":[{"href":"https:\/\/recrutement.nov05.net\/index.php?rest_route=\/wp\/v2\/pages"}],"about":[{"href":"https:\/\/recrutement.nov05.net\/index.php?rest_route=\/wp\/v2\/types\/page"}],"author":[{"embeddable":true,"href":"https:\/\/recrutement.nov05.net\/index.php?rest_route=\/wp\/v2\/users\/1"}],"replies":[{"embeddable":true,"href":"https:\/\/recrutement.nov05.net\/index.php?rest_route=%2Fwp%2Fv2%2Fcomments&post=32"}],"version-history":[{"count":2,"href":"https:\/\/recrutement.nov05.net\/index.php?rest_route=\/wp\/v2\/pages\/32\/revisions"}],"predecessor-version":[{"id":35,"href":"https:\/\/recrutement.nov05.net\/index.php?rest_route=\/wp\/v2\/pages\/32\/revisions\/35"}],"wp:attachment":[{"href":"https:\/\/recrutement.nov05.net\/index.php?rest_route=%2Fwp%2Fv2%2Fmedia&parent=32"}],"curies":[{"name":"wp","href":"https:\/\/api.w.org\/{rel}","templated":true}]}}